{"id":259,"date":"2023-08-28T13:01:25","date_gmt":"2023-08-28T13:01:25","guid":{"rendered":"https:\/\/servigestbarberan.es\/?page_id=259"},"modified":"2024-10-25T14:06:44","modified_gmt":"2024-10-25T14:06:44","slug":"gestio-administrativa","status":"publish","type":"page","link":"https:\/\/servigestbarberan.es\/cat\/gestio-administrativa\/","title":{"rendered":"Gesti\u00f3 Administrativa"},"content":{"rendered":"\t\t<div data-elementor-type=\"wp-page\" data-elementor-id=\"259\" class=\"elementor elementor-259\" data-elementor-post-type=\"page\">\n\t\t\t\t<div class=\"elementor-element elementor-element-53a057f e-flex e-con-boxed e-con e-parent\" data-id=\"53a057f\" data-element_type=\"container\" data-e-type=\"container\" data-settings=\"{&quot;background_background&quot;:&quot;classic&quot;}\">\n\t\t\t\t\t<div class=\"e-con-inner\">\n\t\t\t\t<div class=\"elementor-element elementor-element-29f758c elementor-widget elementor-widget-heading\" data-id=\"29f758c\" data-element_type=\"widget\" data-e-type=\"widget\" data-widget_type=\"heading.default\">\n\t\t\t\t<div class=\"elementor-widget-container\">\n\t\t\t\t\t<h1 class=\"elementor-heading-title elementor-size-default\">Gesti\u00f3 Administrativa<\/h1>\t\t\t\t<\/div>\n\t\t\t\t<\/div>\n\t\t\t\t\t<\/div>\n\t\t\t\t<\/div>\n\t\t<div class=\"elementor-element elementor-element-bc70c2c e-flex e-con-boxed e-con e-parent\" data-id=\"bc70c2c\" data-element_type=\"container\" data-e-type=\"container\" data-settings=\"{&quot;background_background&quot;:&quot;classic&quot;}\">\n\t\t\t\t\t<div class=\"e-con-inner\">\n\t\t\t\t<div class=\"elementor-element elementor-element-53b242a elementor-widget elementor-widget-heading\" data-id=\"53b242a\" data-element_type=\"widget\" data-e-type=\"widget\" data-widget_type=\"heading.default\">\n\t\t\t\t<div class=\"elementor-widget-container\">\n\t\t\t\t\t<span class=\"elementor-heading-title elementor-size-default\">A Servigest Barberan, entenem que ajudar \u00e9s una vocaci\u00f3 i millorar \u00e9s una necessitat.<\/span>\t\t\t\t<\/div>\n\t\t\t\t<\/div>\n\t\t\t\t\t<\/div>\n\t\t\t\t<\/div>\n\t\t<div class=\"elementor-element elementor-element-e7c4005 e-flex e-con-boxed e-con e-parent\" data-id=\"e7c4005\" data-element_type=\"container\" data-e-type=\"container\">\n\t\t\t\t\t<div class=\"e-con-inner\">\n\t\t\t\t<div class=\"elementor-element elementor-element-a1d15f8 elementor-widget elementor-widget-text-editor\" data-id=\"a1d15f8\" data-element_type=\"widget\" data-e-type=\"widget\" data-widget_type=\"text-editor.default\">\n\t\t\t\t<div class=\"elementor-widget-container\">\n\t\t\t\t\t\t\t\t\t<p>A Servigest Barberan, entenem que ajudar \u00e9s una vocaci\u00f3 i millorar \u00e9s una necessitat.<\/p><p>\u00c9s per aix\u00f2, que assessorem, realitzem i solucionem tota mena de tr\u00e0mits burocr\u00e0tics derivats de la interacci\u00f3 amb les ag\u00e8ncies tributaries, aix\u00ed com amb les administracions d\u2019\u00e0mbit local, auton\u00f2mic o estatal.<\/p><p>Treballem com un departament m\u00e9s del nostre client, assolint els tr\u00e0mits necessaris dins les \u00e0rees Administratives de la seva activitat, com l\u2019elaboraci\u00f3 de pressupostos i facturaci\u00f3, estudis de preus, estudis de situaci\u00f3 fiscal, programes de comunicaci\u00f3 o m\u00e0rqueting, enlla\u00e7 amb l\u2019administraci\u00f3 p\u00fablica, recerca de personal, formaci\u00f3 a treballadors i empresaris, etc&#8230;.<\/p>\t\t\t\t\t\t\t\t<\/div>\n\t\t\t\t<\/div>\n\t\t\t\t\t<\/div>\n\t\t\t\t<\/div>\n\t\t\t\t<\/div>\n\t\t","protected":false},"excerpt":{"rendered":"<p>A Servigest Barberan, entenem que ajudar \u00e9s una vocaci\u00f3 i millorar \u00e9s una necessitat. A Servigest Barberan, entenem que ajudar \u00e9s una vocaci\u00f3 i millorar \u00e9s una necessitat. \u00c9s per aix\u00f2, que assessorem, realitzem i solucionem tota mena de tr\u00e0mits burocr\u00e0tics derivats de la interacci\u00f3 amb les ag\u00e8ncies tributaries, aix\u00ed com amb les administracions d\u2019\u00e0mbit [&hellip;]<\/p>\n","protected":false},"author":2,"featured_media":0,"parent":0,"menu_order":0,"comment_status":"closed","ping_status":"closed","template":"","meta":{"footnotes":""},"class_list":["post-259","page","type-page","status-publish","hentry"],"yoast_head":"<!-- This site is optimized with the Yoast SEO plugin v27.4 - https:\/\/yoast.com\/product\/yoast-seo-wordpress\/ -->\n<title>Gesti\u00f3 Administrativa - Servigest barberan CAT<\/title>\n<meta name=\"robots\" content=\"index, follow, max-snippet:-1, max-image-preview:large, max-video-preview:-1\" \/>\n<link rel=\"canonical\" href=\"https:\/\/servigestbarberan.es\/cat\/gestio-administrativa\/\" \/>\n<meta property=\"og:locale\" content=\"ca_ES\" \/>\n<meta property=\"og:type\" content=\"article\" \/>\n<meta property=\"og:title\" content=\"Gesti\u00f3 Administrativa - Servigest barberan CAT\" \/>\n<meta property=\"og:description\" content=\"A Servigest Barberan, entenem que ajudar \u00e9s una vocaci\u00f3 i millorar \u00e9s una necessitat. A Servigest Barberan, entenem que ajudar \u00e9s una vocaci\u00f3 i millorar \u00e9s una necessitat. \u00c9s per aix\u00f2, que assessorem, realitzem i solucionem tota mena de tr\u00e0mits burocr\u00e0tics derivats de la interacci\u00f3 amb les ag\u00e8ncies tributaries, aix\u00ed com amb les administracions d\u2019\u00e0mbit [&hellip;]\" \/>\n<meta property=\"og:url\" content=\"https:\/\/servigestbarberan.es\/cat\/gestio-administrativa\/\" \/>\n<meta property=\"og:site_name\" content=\"Servigest barberan CAT\" \/>\n<meta property=\"article:modified_time\" content=\"2024-10-25T14:06:44+00:00\" \/>\n<meta name=\"twitter:card\" content=\"summary_large_image\" \/>\n<meta name=\"twitter:label1\" content=\"Temps estimat de lectura\" \/>\n\t<meta name=\"twitter:data1\" content=\"1 minut\" \/>\n<script type=\"application\/ld+json\" class=\"yoast-schema-graph\">{\"@context\":\"https:\\\/\\\/schema.org\",\"@graph\":[{\"@type\":\"WebPage\",\"@id\":\"https:\\\/\\\/servigestbarberan.es\\\/cat\\\/gestio-administrativa\\\/\",\"url\":\"https:\\\/\\\/servigestbarberan.es\\\/cat\\\/gestio-administrativa\\\/\",\"name\":\"Gesti\u00f3 Administrativa - Servigest barberan CAT\",\"isPartOf\":{\"@id\":\"https:\\\/\\\/servigestbarberan.es\\\/cat\\\/#website\"},\"datePublished\":\"2023-08-28T13:01:25+00:00\",\"dateModified\":\"2024-10-25T14:06:44+00:00\",\"breadcrumb\":{\"@id\":\"https:\\\/\\\/servigestbarberan.es\\\/cat\\\/gestio-administrativa\\\/#breadcrumb\"},\"inLanguage\":\"ca\",\"potentialAction\":[{\"@type\":\"ReadAction\",\"target\":[\"https:\\\/\\\/servigestbarberan.es\\\/cat\\\/gestio-administrativa\\\/\"]}]},{\"@type\":\"BreadcrumbList\",\"@id\":\"https:\\\/\\\/servigestbarberan.es\\\/cat\\\/gestio-administrativa\\\/#breadcrumb\",\"itemListElement\":[{\"@type\":\"ListItem\",\"position\":1,\"name\":\"Portada\",\"item\":\"https:\\\/\\\/servigestbarberan.es\\\/cat\\\/\"},{\"@type\":\"ListItem\",\"position\":2,\"name\":\"Gesti\u00f3 Administrativa\"}]},{\"@type\":\"WebSite\",\"@id\":\"https:\\\/\\\/servigestbarberan.es\\\/cat\\\/#website\",\"url\":\"https:\\\/\\\/servigestbarberan.es\\\/cat\\\/\",\"name\":\"Servigest barberan CAT\",\"description\":\"Consultoria d&#039;empreses\",\"publisher\":{\"@id\":\"https:\\\/\\\/servigestbarberan.es\\\/cat\\\/#organization\"},\"potentialAction\":[{\"@type\":\"SearchAction\",\"target\":{\"@type\":\"EntryPoint\",\"urlTemplate\":\"https:\\\/\\\/servigestbarberan.es\\\/cat\\\/?s={search_term_string}\"},\"query-input\":{\"@type\":\"PropertyValueSpecification\",\"valueRequired\":true,\"valueName\":\"search_term_string\"}}],\"inLanguage\":\"ca\"},{\"@type\":\"Organization\",\"@id\":\"https:\\\/\\\/servigestbarberan.es\\\/cat\\\/#organization\",\"name\":\"Servigest barberan CAT\",\"url\":\"https:\\\/\\\/servigestbarberan.es\\\/cat\\\/\",\"logo\":{\"@type\":\"ImageObject\",\"inLanguage\":\"ca\",\"@id\":\"https:\\\/\\\/servigestbarberan.es\\\/cat\\\/#\\\/schema\\\/logo\\\/image\\\/\",\"url\":\"https:\\\/\\\/servigestbarberan.es\\\/cat\\\/wp-content\\\/uploads\\\/sites\\\/2\\\/2021\\\/06\\\/favicon.png\",\"contentUrl\":\"https:\\\/\\\/servigestbarberan.es\\\/cat\\\/wp-content\\\/uploads\\\/sites\\\/2\\\/2021\\\/06\\\/favicon.png\",\"width\":86,\"height\":117,\"caption\":\"Servigest barberan CAT\"},\"image\":{\"@id\":\"https:\\\/\\\/servigestbarberan.es\\\/cat\\\/#\\\/schema\\\/logo\\\/image\\\/\"},\"sameAs\":[\"https:\\\/\\\/www.linkedin.com\\\/company\\\/servigest-barberan\\\/\"]}]}<\/script>\n<!-- \/ Yoast SEO plugin. -->","yoast_head_json":{"title":"Gesti\u00f3 Administrativa - Servigest barberan CAT","robots":{"index":"index","follow":"follow","max-snippet":"max-snippet:-1","max-image-preview":"max-image-preview:large","max-video-preview":"max-video-preview:-1"},"canonical":"https:\/\/servigestbarberan.es\/cat\/gestio-administrativa\/","og_locale":"ca_ES","og_type":"article","og_title":"Gesti\u00f3 Administrativa - Servigest barberan CAT","og_description":"A Servigest Barberan, entenem que ajudar \u00e9s una vocaci\u00f3 i millorar \u00e9s una necessitat. A Servigest Barberan, entenem que ajudar \u00e9s una vocaci\u00f3 i millorar \u00e9s una necessitat. \u00c9s per aix\u00f2, que assessorem, realitzem i solucionem tota mena de tr\u00e0mits burocr\u00e0tics derivats de la interacci\u00f3 amb les ag\u00e8ncies tributaries, aix\u00ed com amb les administracions d\u2019\u00e0mbit [&hellip;]","og_url":"https:\/\/servigestbarberan.es\/cat\/gestio-administrativa\/","og_site_name":"Servigest barberan CAT","article_modified_time":"2024-10-25T14:06:44+00:00","twitter_card":"summary_large_image","twitter_misc":{"Temps estimat de lectura":"1 minut"},"schema":{"@context":"https:\/\/schema.org","@graph":[{"@type":"WebPage","@id":"https:\/\/servigestbarberan.es\/cat\/gestio-administrativa\/","url":"https:\/\/servigestbarberan.es\/cat\/gestio-administrativa\/","name":"Gesti\u00f3 Administrativa - Servigest barberan CAT","isPartOf":{"@id":"https:\/\/servigestbarberan.es\/cat\/#website"},"datePublished":"2023-08-28T13:01:25+00:00","dateModified":"2024-10-25T14:06:44+00:00","breadcrumb":{"@id":"https:\/\/servigestbarberan.es\/cat\/gestio-administrativa\/#breadcrumb"},"inLanguage":"ca","potentialAction":[{"@type":"ReadAction","target":["https:\/\/servigestbarberan.es\/cat\/gestio-administrativa\/"]}]},{"@type":"BreadcrumbList","@id":"https:\/\/servigestbarberan.es\/cat\/gestio-administrativa\/#breadcrumb","itemListElement":[{"@type":"ListItem","position":1,"name":"Portada","item":"https:\/\/servigestbarberan.es\/cat\/"},{"@type":"ListItem","position":2,"name":"Gesti\u00f3 Administrativa"}]},{"@type":"WebSite","@id":"https:\/\/servigestbarberan.es\/cat\/#website","url":"https:\/\/servigestbarberan.es\/cat\/","name":"Servigest barberan CAT","description":"Consultoria d&#039;empreses","publisher":{"@id":"https:\/\/servigestbarberan.es\/cat\/#organization"},"potentialAction":[{"@type":"SearchAction","target":{"@type":"EntryPoint","urlTemplate":"https:\/\/servigestbarberan.es\/cat\/?s={search_term_string}"},"query-input":{"@type":"PropertyValueSpecification","valueRequired":true,"valueName":"search_term_string"}}],"inLanguage":"ca"},{"@type":"Organization","@id":"https:\/\/servigestbarberan.es\/cat\/#organization","name":"Servigest barberan CAT","url":"https:\/\/servigestbarberan.es\/cat\/","logo":{"@type":"ImageObject","inLanguage":"ca","@id":"https:\/\/servigestbarberan.es\/cat\/#\/schema\/logo\/image\/","url":"https:\/\/servigestbarberan.es\/cat\/wp-content\/uploads\/sites\/2\/2021\/06\/favicon.png","contentUrl":"https:\/\/servigestbarberan.es\/cat\/wp-content\/uploads\/sites\/2\/2021\/06\/favicon.png","width":86,"height":117,"caption":"Servigest barberan CAT"},"image":{"@id":"https:\/\/servigestbarberan.es\/cat\/#\/schema\/logo\/image\/"},"sameAs":["https:\/\/www.linkedin.com\/company\/servigest-barberan\/"]}]}},"_links":{"self":[{"href":"https:\/\/servigestbarberan.es\/cat\/wp-json\/wp\/v2\/pages\/259","targetHints":{"allow":["GET"]}}],"collection":[{"href":"https:\/\/servigestbarberan.es\/cat\/wp-json\/wp\/v2\/pages"}],"about":[{"href":"https:\/\/servigestbarberan.es\/cat\/wp-json\/wp\/v2\/types\/page"}],"author":[{"embeddable":true,"href":"https:\/\/servigestbarberan.es\/cat\/wp-json\/wp\/v2\/users\/2"}],"replies":[{"embeddable":true,"href":"https:\/\/servigestbarberan.es\/cat\/wp-json\/wp\/v2\/comments?post=259"}],"version-history":[{"count":0,"href":"https:\/\/servigestbarberan.es\/cat\/wp-json\/wp\/v2\/pages\/259\/revisions"}],"wp:attachment":[{"href":"https:\/\/servigestbarberan.es\/cat\/wp-json\/wp\/v2\/media?parent=259"}],"curies":[{"name":"wp","href":"https:\/\/api.w.org\/{rel}","templated":true}]}}