{"id":257,"date":"2023-08-28T13:01:04","date_gmt":"2023-08-28T13:01:04","guid":{"rendered":"https:\/\/servigestbarberan.es\/?page_id=257"},"modified":"2025-01-10T18:24:24","modified_gmt":"2025-01-10T18:24:24","slug":"transfronterera-espana-franca","status":"publish","type":"page","link":"https:\/\/servigestbarberan.es\/cat\/transfronterera-espana-franca\/","title":{"rendered":"Transfronterera (Espa\u00f1a &#8211; Fran\u00e7a)"},"content":{"rendered":"\t\t<div data-elementor-type=\"wp-page\" data-elementor-id=\"257\" class=\"elementor elementor-257\" data-elementor-post-type=\"page\">\n\t\t\t\t<div class=\"elementor-element elementor-element-9d68a1e e-flex e-con-boxed e-con e-parent\" data-id=\"9d68a1e\" data-element_type=\"container\" data-e-type=\"container\" data-settings=\"{&quot;background_background&quot;:&quot;classic&quot;}\">\n\t\t\t\t\t<div class=\"e-con-inner\">\n\t\t\t\t<div class=\"elementor-element elementor-element-84c33a7 elementor-widget elementor-widget-heading\" data-id=\"84c33a7\" data-element_type=\"widget\" data-e-type=\"widget\" data-widget_type=\"heading.default\">\n\t\t\t\t<div class=\"elementor-widget-container\">\n\t\t\t\t\t<h2 class=\"elementor-heading-title elementor-size-default\">Transfronterera (Espanya - Fran\u00e7a - Andorra)<\/h2>\t\t\t\t<\/div>\n\t\t\t\t<\/div>\n\t\t\t\t\t<\/div>\n\t\t\t\t<\/div>\n\t\t<div class=\"elementor-element elementor-element-e98be34 e-flex e-con-boxed e-con e-parent\" data-id=\"e98be34\" data-element_type=\"container\" data-e-type=\"container\" data-settings=\"{&quot;background_background&quot;:&quot;classic&quot;}\">\n\t\t\t\t\t<div class=\"e-con-inner\">\n\t\t\t\t<div class=\"elementor-element elementor-element-8a1afb5 elementor-widget elementor-widget-heading\" data-id=\"8a1afb5\" data-element_type=\"widget\" data-e-type=\"widget\" data-widget_type=\"heading.default\">\n\t\t\t\t<div class=\"elementor-widget-container\">\n\t\t\t\t\t<span class=\"elementor-heading-title elementor-size-default\">La situaci\u00f3 geogr\u00e0fica del nostre despatx a Puigcerd\u00e0 ens posiciona en els tr\u00e0mits i legislaci\u00f3 \nTRANSFRONTERERA ( Espanya \u2013 Fran\u00e7a \u2013 Andorra )<\/span>\t\t\t\t<\/div>\n\t\t\t\t<\/div>\n\t\t\t\t\t<\/div>\n\t\t\t\t<\/div>\n\t\t<div class=\"elementor-element elementor-element-6682e81 e-flex e-con-boxed e-con e-parent\" data-id=\"6682e81\" data-element_type=\"container\" data-e-type=\"container\">\n\t\t\t\t\t<div class=\"e-con-inner\">\n\t\t\t\t<div class=\"elementor-element elementor-element-6a0a2b7 elementor-widget elementor-widget-text-editor\" data-id=\"6a0a2b7\" data-element_type=\"widget\" data-e-type=\"widget\" data-widget_type=\"text-editor.default\">\n\t\t\t\t<div class=\"elementor-widget-container\">\n\t\t\t\t\t\t\t\t\t<p data-pm-slice=\"1 1 []\">La ubicaci\u00f3 geogr\u00e0fica estrat\u00e8gica dels nostres despatxos a Puigcerd\u00e0 i la Seu d&#8217;Urgell ens permet especialitzar-nos en la gesti\u00f3 de tr\u00e0mits i legislaci\u00f3 TRANSFRONTERERA entre Espanya, Fran\u00e7a i Andorra, oferint als nostres clients un servei integral i personalitzat que garanteix l&#8217;\u00e8xit en la gesti\u00f3 de les seves necessitats transfrontereres.<\/p><p>Aquest \u00e9s un servei essencial per facilitar les gestions i els tr\u00e0mits a ambd\u00f3s costats de la frontera, especialment en un entorn en constant canvi legislatiu i econ\u00f2mic, on les difer\u00e8ncies normatives entre pa\u00efsos poden generar dubtes i dificultats a empreses i particulars.<\/p><p>Hist\u00f2ricament, la Cerdanya i l&#8217;Alt Urgell han compartit territori entre diversos pa\u00efsos, fet que ha generat la necessitat d&#8217;un referent d\u2019assessorament en totes les activitats derivades d\u2019aquesta singular situaci\u00f3. Aquesta realitat ha propiciat la creaci\u00f3 d\u2019un servei altament especialitzat, capa\u00e7 de donar resposta a les problem\u00e0tiques espec\u00edfices d\u2019aquesta zona transfronterera.<\/p><p>A Servigest Barberan hem apostat per crear aquest servei, que ofereix solucions a les necessitats espec\u00edfiques de la comarca de la Cerdanya i l&#8217;Alt Urgell, amb l\u2019objectiu de resoldre dubtes i facilitar les gestions administratives relacionades amb:<\/p><ul data-spread=\"false\"><li><p>la resid\u00e8ncia fiscal, amb l\u2019elaboraci\u00f3 d\u2019estudis fiscals comparatius entre Espanya, Fran\u00e7a i Andorra, per assegurar als nostres clients el compliment normatiu en cada territori<\/p><\/li><li><p>la declaraci\u00f3 de treballadors transfronterers, oferint suport tant a empreses com a treballadors que desenvolupen la seva activitat en diferents pa\u00efsos<\/p><\/li><li><p>el desenvolupament d\u2019activitats empresarials a ambd\u00f3s costats de la frontera, incloent-hi la creaci\u00f3 d\u2019empreses, la tributaci\u00f3 i la gesti\u00f3 d\u2019impostos en diferents jurisdiccions<\/p><\/li><li><p>altres tr\u00e0mits vinculats a aquesta realitat transfronterera, com ara permisos de treball, seguretat social, convenis de doble imposici\u00f3 i assessorament legal especialitzat<\/p><\/li><\/ul><p>Gr\u00e0cies a aquest enfocament integral i personalitzat, Servigest Barberan s\u2019ha consolidat com un referent en l\u2019assessorament transfronterer a la Cerdanya i l\u2019Alt Urgell, aportant solucions pr\u00e0ctiques i eficients que contribueixen al desenvolupament econ\u00f2mic de la regi\u00f3 i a la tranquil\u00b7litat dels nostres clients.<\/p>\t\t\t\t\t\t\t\t<\/div>\n\t\t\t\t<\/div>\n\t\t\t\t\t<\/div>\n\t\t\t\t<\/div>\n\t\t\t\t<\/div>\n\t\t","protected":false},"excerpt":{"rendered":"<p>Transfronterera (Espanya &#8211; Fran\u00e7a &#8211; Andorra) La situaci\u00f3 geogr\u00e0fica del nostre despatx a Puigcerd\u00e0 ens posiciona en els tr\u00e0mits i legislaci\u00f3 TRANSFRONTERERA ( Espanya \u2013 Fran\u00e7a \u2013 Andorra ) La ubicaci\u00f3 geogr\u00e0fica estrat\u00e8gica dels nostres despatxos a Puigcerd\u00e0 i la Seu d&#8217;Urgell ens permet especialitzar-nos en la gesti\u00f3 de tr\u00e0mits i legislaci\u00f3 TRANSFRONTERERA entre Espanya, [&hellip;]<\/p>\n","protected":false},"author":2,"featured_media":0,"parent":0,"menu_order":0,"comment_status":"closed","ping_status":"closed","template":"","meta":{"footnotes":""},"class_list":["post-257","page","type-page","status-publish","hentry"],"yoast_head":"<!-- This site is optimized with the Yoast SEO plugin v27.4 - https:\/\/yoast.com\/product\/yoast-seo-wordpress\/ -->\n<title>Transfronterera (Espa\u00f1a - Fran\u00e7a) - Servigest barberan CAT<\/title>\n<meta name=\"robots\" content=\"index, follow, max-snippet:-1, max-image-preview:large, max-video-preview:-1\" \/>\n<link rel=\"canonical\" href=\"https:\/\/servigestbarberan.es\/cat\/transfronterera-espana-franca\/\" \/>\n<meta property=\"og:locale\" content=\"ca_ES\" \/>\n<meta property=\"og:type\" content=\"article\" \/>\n<meta property=\"og:title\" content=\"Transfronterera (Espa\u00f1a - Fran\u00e7a) - Servigest barberan CAT\" \/>\n<meta property=\"og:description\" content=\"Transfronterera (Espanya &#8211; Fran\u00e7a &#8211; Andorra) La situaci\u00f3 geogr\u00e0fica del nostre despatx a Puigcerd\u00e0 ens posiciona en els tr\u00e0mits i legislaci\u00f3 TRANSFRONTERERA ( Espanya \u2013 Fran\u00e7a \u2013 Andorra ) La ubicaci\u00f3 geogr\u00e0fica estrat\u00e8gica dels nostres despatxos a Puigcerd\u00e0 i la Seu d&#8217;Urgell ens permet especialitzar-nos en la gesti\u00f3 de tr\u00e0mits i legislaci\u00f3 TRANSFRONTERERA entre Espanya, [&hellip;]\" \/>\n<meta property=\"og:url\" content=\"https:\/\/servigestbarberan.es\/cat\/transfronterera-espana-franca\/\" \/>\n<meta property=\"og:site_name\" content=\"Servigest barberan CAT\" \/>\n<meta property=\"article:modified_time\" content=\"2025-01-10T18:24:24+00:00\" \/>\n<meta name=\"twitter:card\" content=\"summary_large_image\" \/>\n<meta name=\"twitter:label1\" content=\"Temps estimat de lectura\" \/>\n\t<meta name=\"twitter:data1\" content=\"2 minuts\" \/>\n<script type=\"application\/ld+json\" class=\"yoast-schema-graph\">{\"@context\":\"https:\\\/\\\/schema.org\",\"@graph\":[{\"@type\":\"WebPage\",\"@id\":\"https:\\\/\\\/servigestbarberan.es\\\/cat\\\/transfronterera-espana-franca\\\/\",\"url\":\"https:\\\/\\\/servigestbarberan.es\\\/cat\\\/transfronterera-espana-franca\\\/\",\"name\":\"Transfronterera (Espa\u00f1a - Fran\u00e7a) - Servigest barberan CAT\",\"isPartOf\":{\"@id\":\"https:\\\/\\\/servigestbarberan.es\\\/cat\\\/#website\"},\"datePublished\":\"2023-08-28T13:01:04+00:00\",\"dateModified\":\"2025-01-10T18:24:24+00:00\",\"breadcrumb\":{\"@id\":\"https:\\\/\\\/servigestbarberan.es\\\/cat\\\/transfronterera-espana-franca\\\/#breadcrumb\"},\"inLanguage\":\"ca\",\"potentialAction\":[{\"@type\":\"ReadAction\",\"target\":[\"https:\\\/\\\/servigestbarberan.es\\\/cat\\\/transfronterera-espana-franca\\\/\"]}]},{\"@type\":\"BreadcrumbList\",\"@id\":\"https:\\\/\\\/servigestbarberan.es\\\/cat\\\/transfronterera-espana-franca\\\/#breadcrumb\",\"itemListElement\":[{\"@type\":\"ListItem\",\"position\":1,\"name\":\"Portada\",\"item\":\"https:\\\/\\\/servigestbarberan.es\\\/cat\\\/\"},{\"@type\":\"ListItem\",\"position\":2,\"name\":\"Transfronterera (Espa\u00f1a &#8211; Fran\u00e7a)\"}]},{\"@type\":\"WebSite\",\"@id\":\"https:\\\/\\\/servigestbarberan.es\\\/cat\\\/#website\",\"url\":\"https:\\\/\\\/servigestbarberan.es\\\/cat\\\/\",\"name\":\"Servigest barberan CAT\",\"description\":\"Consultoria d&#039;empreses\",\"publisher\":{\"@id\":\"https:\\\/\\\/servigestbarberan.es\\\/cat\\\/#organization\"},\"potentialAction\":[{\"@type\":\"SearchAction\",\"target\":{\"@type\":\"EntryPoint\",\"urlTemplate\":\"https:\\\/\\\/servigestbarberan.es\\\/cat\\\/?s={search_term_string}\"},\"query-input\":{\"@type\":\"PropertyValueSpecification\",\"valueRequired\":true,\"valueName\":\"search_term_string\"}}],\"inLanguage\":\"ca\"},{\"@type\":\"Organization\",\"@id\":\"https:\\\/\\\/servigestbarberan.es\\\/cat\\\/#organization\",\"name\":\"Servigest barberan CAT\",\"url\":\"https:\\\/\\\/servigestbarberan.es\\\/cat\\\/\",\"logo\":{\"@type\":\"ImageObject\",\"inLanguage\":\"ca\",\"@id\":\"https:\\\/\\\/servigestbarberan.es\\\/cat\\\/#\\\/schema\\\/logo\\\/image\\\/\",\"url\":\"https:\\\/\\\/servigestbarberan.es\\\/cat\\\/wp-content\\\/uploads\\\/sites\\\/2\\\/2021\\\/06\\\/favicon.png\",\"contentUrl\":\"https:\\\/\\\/servigestbarberan.es\\\/cat\\\/wp-content\\\/uploads\\\/sites\\\/2\\\/2021\\\/06\\\/favicon.png\",\"width\":86,\"height\":117,\"caption\":\"Servigest barberan CAT\"},\"image\":{\"@id\":\"https:\\\/\\\/servigestbarberan.es\\\/cat\\\/#\\\/schema\\\/logo\\\/image\\\/\"},\"sameAs\":[\"https:\\\/\\\/www.linkedin.com\\\/company\\\/servigest-barberan\\\/\"]}]}<\/script>\n<!-- \/ Yoast SEO plugin. -->","yoast_head_json":{"title":"Transfronterera (Espa\u00f1a - Fran\u00e7a) - Servigest barberan CAT","robots":{"index":"index","follow":"follow","max-snippet":"max-snippet:-1","max-image-preview":"max-image-preview:large","max-video-preview":"max-video-preview:-1"},"canonical":"https:\/\/servigestbarberan.es\/cat\/transfronterera-espana-franca\/","og_locale":"ca_ES","og_type":"article","og_title":"Transfronterera (Espa\u00f1a - Fran\u00e7a) - Servigest barberan CAT","og_description":"Transfronterera (Espanya &#8211; Fran\u00e7a &#8211; Andorra) La situaci\u00f3 geogr\u00e0fica del nostre despatx a Puigcerd\u00e0 ens posiciona en els tr\u00e0mits i legislaci\u00f3 TRANSFRONTERERA ( Espanya \u2013 Fran\u00e7a \u2013 Andorra ) La ubicaci\u00f3 geogr\u00e0fica estrat\u00e8gica dels nostres despatxos a Puigcerd\u00e0 i la Seu d&#8217;Urgell ens permet especialitzar-nos en la gesti\u00f3 de tr\u00e0mits i legislaci\u00f3 TRANSFRONTERERA entre Espanya, [&hellip;]","og_url":"https:\/\/servigestbarberan.es\/cat\/transfronterera-espana-franca\/","og_site_name":"Servigest barberan CAT","article_modified_time":"2025-01-10T18:24:24+00:00","twitter_card":"summary_large_image","twitter_misc":{"Temps estimat de lectura":"2 minuts"},"schema":{"@context":"https:\/\/schema.org","@graph":[{"@type":"WebPage","@id":"https:\/\/servigestbarberan.es\/cat\/transfronterera-espana-franca\/","url":"https:\/\/servigestbarberan.es\/cat\/transfronterera-espana-franca\/","name":"Transfronterera (Espa\u00f1a - Fran\u00e7a) - Servigest barberan CAT","isPartOf":{"@id":"https:\/\/servigestbarberan.es\/cat\/#website"},"datePublished":"2023-08-28T13:01:04+00:00","dateModified":"2025-01-10T18:24:24+00:00","breadcrumb":{"@id":"https:\/\/servigestbarberan.es\/cat\/transfronterera-espana-franca\/#breadcrumb"},"inLanguage":"ca","potentialAction":[{"@type":"ReadAction","target":["https:\/\/servigestbarberan.es\/cat\/transfronterera-espana-franca\/"]}]},{"@type":"BreadcrumbList","@id":"https:\/\/servigestbarberan.es\/cat\/transfronterera-espana-franca\/#breadcrumb","itemListElement":[{"@type":"ListItem","position":1,"name":"Portada","item":"https:\/\/servigestbarberan.es\/cat\/"},{"@type":"ListItem","position":2,"name":"Transfronterera (Espa\u00f1a &#8211; Fran\u00e7a)"}]},{"@type":"WebSite","@id":"https:\/\/servigestbarberan.es\/cat\/#website","url":"https:\/\/servigestbarberan.es\/cat\/","name":"Servigest barberan CAT","description":"Consultoria d&#039;empreses","publisher":{"@id":"https:\/\/servigestbarberan.es\/cat\/#organization"},"potentialAction":[{"@type":"SearchAction","target":{"@type":"EntryPoint","urlTemplate":"https:\/\/servigestbarberan.es\/cat\/?s={search_term_string}"},"query-input":{"@type":"PropertyValueSpecification","valueRequired":true,"valueName":"search_term_string"}}],"inLanguage":"ca"},{"@type":"Organization","@id":"https:\/\/servigestbarberan.es\/cat\/#organization","name":"Servigest barberan CAT","url":"https:\/\/servigestbarberan.es\/cat\/","logo":{"@type":"ImageObject","inLanguage":"ca","@id":"https:\/\/servigestbarberan.es\/cat\/#\/schema\/logo\/image\/","url":"https:\/\/servigestbarberan.es\/cat\/wp-content\/uploads\/sites\/2\/2021\/06\/favicon.png","contentUrl":"https:\/\/servigestbarberan.es\/cat\/wp-content\/uploads\/sites\/2\/2021\/06\/favicon.png","width":86,"height":117,"caption":"Servigest barberan CAT"},"image":{"@id":"https:\/\/servigestbarberan.es\/cat\/#\/schema\/logo\/image\/"},"sameAs":["https:\/\/www.linkedin.com\/company\/servigest-barberan\/"]}]}},"_links":{"self":[{"href":"https:\/\/servigestbarberan.es\/cat\/wp-json\/wp\/v2\/pages\/257","targetHints":{"allow":["GET"]}}],"collection":[{"href":"https:\/\/servigestbarberan.es\/cat\/wp-json\/wp\/v2\/pages"}],"about":[{"href":"https:\/\/servigestbarberan.es\/cat\/wp-json\/wp\/v2\/types\/page"}],"author":[{"embeddable":true,"href":"https:\/\/servigestbarberan.es\/cat\/wp-json\/wp\/v2\/users\/2"}],"replies":[{"embeddable":true,"href":"https:\/\/servigestbarberan.es\/cat\/wp-json\/wp\/v2\/comments?post=257"}],"version-history":[{"count":0,"href":"https:\/\/servigestbarberan.es\/cat\/wp-json\/wp\/v2\/pages\/257\/revisions"}],"wp:attachment":[{"href":"https:\/\/servigestbarberan.es\/cat\/wp-json\/wp\/v2\/media?parent=257"}],"curies":[{"name":"wp","href":"https:\/\/api.w.org\/{rel}","templated":true}]}}